rs of 1223008.
2, 38219
List the prime factors of 297236.
2, 19, 3911
List the prime factors of 300823.
300823
What are the prime factors of 471286?
2, 61, 3863
List the prime factors of 36345.
3, 5, 2423
List the prime factors of 8536176.
2, 3, 11, 17, 317
List the prime factors of 3613383.
3, 37, 3617
What are the prime factors of 34165350?
2, 3, 5, 23, 3301
What are the prime factors of 8896583?
47, 73, 2593
List the prime factors of 271398.
2, 3, 45233
What are the prime factors of 2836692?
2, 3, 78797
List the prime factors of 402545.
5, 11, 13, 563
What are the prime factors of 579962?
2, 409, 709
What are the prime factors of 999720?
2, 3, 5, 2777
List the prime factors of 7678787.
7678787
What are the prime factors of 338436?
2, 3, 7, 17, 79
What are the prime factors of 765201?
3, 379, 673
What are the prime factors of 1793?
11, 163
List the prime factors of 1334377.
11, 29, 47, 89
List the prime factors of 582465.
3, 5, 13, 29, 103
What are the prime factors of 5134?
2, 17, 151
What are the prime factors of 24576983?
73, 336671
What are the prime factors of 2532397?
7, 109, 3319
List the prime factors of 7875078.
2, 3, 1312513
What are the prime factors of 7467844?
2, 1866961
What are the prime factors of 1325688?
2, 3, 7, 13, 607
What are the prime factors of 181764?
2, 3, 11, 17
What are the prime factors of 179149?
31, 5779
List the prime factors of 280272.
2, 3, 5839
What are the prime factors of 2567880?
2, 3, 5, 7, 1019
List the prime factors of 22653622.
2, 17, 31, 21493
List the prime factors of 1970008.
2, 246251
What are the prime factors of 589223?
293, 2011
List the prime factors of 1492504.
2, 13, 113, 127
What are the prime factors of 8931991?
1193, 7487
List the prime factors of 16898185.
5, 311, 10867
List the prime factors of 2680869.
3, 317, 2819
What are the prime factors of 749493?
3, 19, 487
What are the prime factors of 1481196?
2, 3, 123433
What are the prime factors of 1744021?
23, 191, 397
List the prime factors of 17125521.
3, 7, 815501
What are the prime factors of 315335?
5, 63067
List the prime factors of 199046.
2, 99523
List the prime factors of 221420.
2, 5, 11071
What are the prime factors of 4466300?
2, 5, 59, 757
What are the prime factors of 591766?
2, 7, 43, 983
What are the prime factors of 25505?
5, 5101
What are the prime factors of 12092615?
5, 2418523
List the prime factors of 196223.
317, 619
List the prime factors of 84479.
23, 3673
List the prime factors of 2907294.
2, 3, 13, 37273
What are the prime factors of 631884?
2, 3, 11, 4787
List the prime factors of 82769.
37, 2237
What are the prime factors of 29523?
3, 13, 757
List the prime factors of 106615.
5, 21323
What are the prime factors of 1875034?
2, 7, 19, 53
List the prime factors of 1508038.
2, 7, 107717
List the prime factors of 5527404.
2, 3, 19, 8081
List the prime factors of 5481604.
2, 139, 9859
List the prime factors of 207231.
3, 67, 1031
What are the prime factors of 764823?
3, 254941
What are the prime factors of 47293?
47293
What are the prime factors of 2547677?
11, 231607
What are the prime factors of 549260?
2, 5, 29, 947
List the prime factors of 83539.
139, 601
List the prime factors of 7476002.
2, 3738001
What are the prime factors of 2366544?
2, 3, 47, 1049
What are the prime factors of 489028?
2, 179, 683
List the prime factors of 334739.
37, 83, 109
List the prime factors of 1536445.
5, 307289
List the prime factors of 20382199.
59, 345461
What are the prime factors of 215172?
2, 3, 43, 139
What are the prime factors of 4273559?
239, 17881
List the prime factors of 5526737.
1223, 4519
List the prime factors of 68409.
3, 11, 691
What are the prime factors of 106774?
2, 197, 271
What are the prime factors of 1183769?
1183769
List the prime factors of 20006614.
2, 653, 15319
List the prime factors of 248088.
2, 3, 10337
What are the prime factors of 286281?
3, 23, 461
What are the prime factors of 987836?
2, 17, 73, 199
What are the prime factors of 7582305?
3, 5, 499, 1013
What are the prime factors of 303436?
2, 7, 10837
List the prime factors of 27154027.
43, 373, 1693
What are the prime factors of 113354?
2, 19, 157
List the prime factors of 10639414.
2, 5319707
List the prime factors of 149215.
5, 11, 2713
List the prime factors of 8484324.
2, 3, 707027
List the prime factors of 515622.
2, 3, 19, 4523
List the prime factors of 26082904.
2, 31, 105173
What are the prime factors of 21486295?
5, 4297259
List the prime factors of 769676.
2, 317, 607
What are the prime factors of 24372?
2, 3, 677
What are the prime factors of 104619?
3, 43, 811
List the prime factors of 6711620.
2, 5, 73, 4597
What are the prime factors of 482569?
482569
What are the prime factors of 7895057?
7895057
List the prime factors of 160058.
2, 191, 419
What are the prime factors of 13700553?
3, 53, 199, 433
What are the prime factors of 1161458?
2, 79, 7351
What are the prime factors of 1092125?
5, 8737
List the prime factors of 37565833.
113, 332441
List the prime factors of 5020098.
2, 3, 836683
List the prime factors of 231816.
2, 3, 13, 743
List the prime factors of 327150.
2, 3, 5, 727
What are the prime factors of 54874?
2, 27437
List the prime factors of 10248900.
2, 3, 5, 127, 269
List the prime factors of 301408.
2, 9419
List the prime factors of 50794.
2, 109, 233
List the prime factors of 362156.
2, 37, 2447
List the prime factors of 11316068.
2, 751, 3767
What are the prime factors of 2566191?
3, 855397
What are the prime factors of 418965?
3, 5, 17, 31, 53
List the prime factors of 110785.
5, 22157
What are the prime factors of 13022662?
2, 6511331
List the prime factors of 556745.
5, 7, 15907
What are the prime factors of 24924904?
2, 59, 52807
List the prime factors of 426573.
3, 7, 37, 61
List the prime factors of 5461715.
5, 7, 29, 5381
What are the prime factors of 29482188?
2, 3, 2456849
List the prime factors of 7933179.
3, 31, 85303
List the prime factors of 72929.
233, 313
What are the prime factors of 3527121?
3, 13, 90439
What are the prime factors of 600530?
2, 5, 7, 23, 373
List the prime factors of 2336679.
3, 259631
List the prime factors of 345977.
103, 3359
What are the prime factors of 1192038?
2, 3, 198673
List the prime factors of 1799992.
2, 71, 3169
List the prime factors of 351963.
3, 39107
List the prime factors of 12780253.
929, 13757
What are the prime factors of 288183?
3, 7, 13723
What are the prime factors of 171212?
2, 23, 1861
What are the prime factors of 17522611?
4007, 4373
What are the prime factors of 126752?
2, 17, 233
What are the prime factors of 10256?
2, 641
List the prime factors of 906771.
3, 47, 59, 109
What are the prime factors of 2830982?
2, 7, 11, 31, 593
What are the prime factors of 253602?
2, 3, 73, 193
What are the prime factors of 8633096?
2, 23, 46919
List the prime factors of 1191195.
3, 5, 103, 257
What are the prime factors of 208534?
2, 127, 821
List the prime factors of 15784478.
2, 19, 415381
What are the prime factors of 1841709?
3, 613903
List the prime factors of 120972.
2, 3, 17, 593
What are the prime factors of 17953?
13, 1381
List the prime factors of 5179058.
2, 19, 73, 1867
List the prime factors of 668261.
11, 79, 769
What are the prime factors of 35413?
7, 5059
List the prime factors of 661299.
3, 137, 1609
List the prime factors of 473717.
577, 821
List the prime factors of 295085.
5, 7, 8431
What are the prime factors of 13883161?
83, 167267
List the prime factors of 9786604.
2, 2446651
What are the prime factors of 14770?
2, 5, 7, 211
What are the prime factors of 6904118?
2, 13, 265543
What are the prime factors of 51830?
2, 5, 71, 73
What are the prime factors of 4212549?
3, 11, 17, 2503
What are the prime factors of 8491058?
2, 17, 249737
List the prime factors of 1875888.
2, 3, 7, 1861
What are the prime factors of 196597?
196597
List the prime factors of 633310.
2, 5, 63331
What are the prime factors of 11080054?
2, 5540027
List the prime factors of 10859370.
2, 3, 5, 361979
What are the prime factors of 20218320?
2, 3, 5, 28081
List the prime factors of 596216.
2, 74527
What are the prime factors of 5161110?
2, 3, 5, 89, 1933
What are the prime factors of 206725?
5, 8269
What are the prime factors of 714457?
19, 31, 1213
List the prime factors